osite?
True
Is 69001 composite?
False
Is 33407953 composite?
False
Is 122566 a prime number?
False
Is 622067 a prime number?
True
Is 2755369 a composite number?
False
Is 448995137 a prime number?
False
Is 95618 a prime number?
False
Is 45325727 a composite number?
False
Is 519191 a composite number?
True
Is 4810343 prime?
True
Is 60690559 prime?
True
Is 15254161 a prime number?
False
Is 398641835 a composite number?
True
Is 1361033 composite?
True
Is 5021933 a prime number?
False
Is 2314379 composite?
False
Is 16050362 a prime number?
False
Is 2463109 composite?
True
Is 13780927 a prime number?
False
Is 32689 a prime number?
False
Is 38130151 composite?
True
Is 106697 composite?
True
Is 6219583 a prime number?
True
Is 4447943 prime?
True
Is 30113899 a composite number?
True
Is 47429083 a composite number?
True
Is 56398723 a composite number?
False
Is 118489501 prime?
False
Is 934138561 composite?
True
Is 24359213 a prime number?
False
Is 10147091 a composite number?
False
Is 5716829 composite?
False
Is 49367861 a prime number?
True
Is 87375677 composite?
True
Is 10906909 a prime number?
False
Is 452465473 a composite number?
False
Is 1936133 a prime number?
True
Is 151293581 a composite number?
True
Is 546559 composite?
True
Is 1375937 a prime number?
True
Is 22615537 a composite number?
True
Is 42402047 a prime number?
False
Is 20559377 prime?
True
Is 33698999 prime?
True
Is 5833451 composite?
True
Is 537559 composite?
True
Is 142311343 prime?
True
Is 49951789 composite?
False
Is 367764871 composite?
True
Is 39022829 composite?
False
Is 39355249 composite?
True
Is 739579 a composite number?
False
Is 3602353 composite?
False
Is 1156997 prime?
True
Is 7779539 a prime number?
False
Is 3779921 prime?
True
Is 424808381 composite?
False
Is 2652479 a composite number?
False
Is 3779158 composite?
True
Is 66254333 composite?
True
Is 22110947 composite?
False
Is 56115497 prime?
False
Is 137771 a composite number?
False
Is 16725173 a prime number?
True
Is 29503451 composite?
True
Is 62313289 a composite number?
True
Is 3362387 prime?
False
Is 19830107 composite?
True
Is 2728069 composite?
True
Is 11630951 composite?
True
Is 4312691 composite?
False
Is 39167509 a prime number?
True
Is 281394377 a prime number?
False
Is 3512507 a composite number?
True
Is 25743413 composite?
False
Is 22974661 prime?
True
Is 325810739 a prime number?
True
Is 12547643 composite?
False
Is 118986701 composite?
False
Is 4386763 a prime number?
True
Is 14801581 a prime number?
False
Is 296055047 a composite number?
False
Is 3998821 a prime number?
True
Is 44788063 prime?
True
Is 1293233 composite?
False
Is 21900419 a composite number?
False
Is 8682133 prime?
True
Is 294646673 prime?
False
Is 10963961 composite?
True
Is 4088209 a composite number?
False
Is 4143689 prime?
False
Is 7300263 prime?
False
Is 6748343 composite?
True
Is 2208779 composite?
False
Is 2482001 a composite number?
True
Is 58475833 a composite number?
True
Is 22428041 composite?
False
Is 6176011 a composite number?
False
Is 1540141 composite?
False
Is 9746257 prime?
True
Is 8953167 composite?
True
Is 80923537 prime?
False
Is 356701691 composite?
False
Is 151388591 a composite number?
False
Is 12441311 a composite number?
False
Is 682609 a composite number?
True
Is 199053779 composite?
True
Is 562175291 a composite number?
True
Is 178138553 a prime number?
True
Is 147292073 a composite number?
True
Is 142095487 prime?
True
Is 8111239 prime?
True
Is 865873 composite?
True
Is 3586213 a composite number?
True
Is 15404717 a composite number?
True
Is 233141 a composite number?
False
Is 100739417 a composite number?
True
Is 347363 prime?
False
Is 6413977 a composite number?
True
Is 90677 a prime number?
True
Is 76556413 prime?
True
Is 25939013 a prime number?
True
Is 15552881 a prime number?
False
Is 23796985 a prime number?
False
Is 700934351 prime?
False
Is 95064319 composite?
True
Is 290459 a composite number?
True
Is 8821877 a composite number?
False
Is 3173617 composite?
False
Is 14240099 prime?
True
Is 2314547 prime?
True
Is 4955417 prime?
True
Is 44066599 prime?
True
Is 83851739 composite?
False
Is 129678551 composite?
True
Is 160881407 a composite number?
True
Is 179161 prime?
True
Is 11158493 a composite number?
True
Is 133498397 composite?
True
Is 3271651 a prime number?
False
Is 1765469 a prime number?
True
Is 347219 a prime number?
False
Is 56674619 a prime number?
False
Is 11128667 a composite number?
True
Is 49181987 composite?
True
Is 60823487 composite?
False
Is 222143 composite?
True
Is 33537961 a prime number?
True
Is 11448551 a composite number?
True
Is 16179783 a composite number?
True
Is 101302973 a prime number?
True
Is 310226641 prime?
False
Is 453191 composite?
True
Is 9559063 composite?
False
Is 37474471 prime?
False
Is 14066207 a prime number?
False
Is 43617391 composite?
False
Is 582851 a prime number?
True
Is 1800409 composite?
True
Is 15991649 composite?
False
Is 603246233 prime?
True
Is 17979295 a composite number?
True
Is 23673701 a composite number?
True
Is 76422757 prime?
True
Is 2402629 prime?
False
Is 39255877 prime?
True
Is 15005626 a prime number?
False
Is 1234687 composite?
False
Is 99241531 a prime number?
True
Is 2323829 a composite number?
True
Is 96440441 prime?
True
Is 173164391 a prime number?
False
Is 8554547 a prime number?
True
Is 7704773 prime?
True
Is 20614079 a composite number?
True
Is 1100039 a prime number?
True
Is 19842269 a prime number?
True
Is 20518009 composite?
True
Is 120443329 composite?
False
Is 1034381 a composite number?
False
Is 1128973 prime?
False
Is 562715 a prime number?
False
Is 17740963 composite?
False
Is 2956889 composite?
True
Is 34138879 prime?
True
Is 7856407 composite?
True
Is 104128637 composite?
False
Is 1189189 a composite number?
False
Is 6415709 a prime number?
False
Is 30393793 composite?
False
Is 3599719 a prime number?
True
Is 1785367 a composite number?
False
Is 5120587 prime?
False
Is 39027757 a composite number?
True
Is 4766087 composite?
False
Is 135826909 a prime number?
False
Is 29640493 a composite number?
False
Is 317903041 a prime number?
False
Is 68869237 prime?
True
Is 8518877 a composite number?
True
Is 13855709 a composite number?
True
Is 25835891 a composite number?
False
Is 30488173 composite?
False
Is 16308301 a composite number?
False
Is 290372443 a composite number?
True
Is 1492749109 a composite number?
False
Is 26221061 a prime number?
False
Is 116648767 composite?
False
Is 6238853 composite?
True
Is 26459117 a composite number?
False
Is 124964519 composite?
False
Is 5708473 composite?
False
Is 1879781 a prime number?
True
Is 309831407 composite?
True
Is 35570927 prime?
False
Is 603463 composite?
True
Is 75289811 composite?
False
Is 1670267 a prime number?
False
Is 226818727 a prime number?
False
Is 23340973 a prime number?
True
Is 48919613 a composite number?
False
Is 6179681 prime?
True
Is 20608073 a composite number?
False
Is 37610189 a prime number?
False
Is 2446271 a composite number?
False
Is 9440861 composite?
True
Is 956051 a prime number?
True
Is 69761 a composite number?
False
Is 31024207 a prime number?
False
Is 317 composite?
False
Is 49512779 prime?
True
Is 175983317 a composite number?
True
Is 207372189 prime?
False
Is 307091 a prime number?
True
Is 15468547 a composite number?
True
Is 503667707 a prime number?
True
Is 2044813 composite?
True
Is 19858169 a prime number?
True
Is 13277513 a composite number?
False
Is 44926217 a prime number?
False
Is 249884623 a composite number?
False
Is 232440611 composite?
True
Is 489857003 a composite number?
False
Is 2941961 a composite number?
True
Is 30065069 composite?
False
Is 2036971 a composite number?
True
Is 183697 a prime number?
True
Is 5728193 a composite number?
True
Is 2753851 a prime number?
True
Is 180117859 a prime number?
True
Is 2280163 a prime number?
True
Is 132199 prime?
True
Is 37451878 a composite number?
True
Is 3219709 a prime number?
False
Is 13799993 prime?
False
Is 11249741 a prime number?
True
Is 48487301 a composite number?
False
Is 63377 prime?
True
Is 54400351 composite?
False
Is 4019311 a prime number?
True
Is 1657519 a prime number?
True
Is 31115009 a composite number?
True
Is 78443551 a prime number?
False
Is 247031 a compo